omposite number?
True
Let i = 1877 - 971. Let c = -326 + -273. Let k = c + i. Is k a composite number?
False
Is (362338/(-6) + 74/444)*-2 a composite number?
False
Let j(h) = -h**2 + 20*h + 21. Let b be j(21). Let s be (-23)/1*(1 + -295 - b). Is (-5 - s/(-12))*(2 - 0) a composite number?
False
Suppose 0 = 2*g + 2*x - 3308570, -2*g + 14*x = 9*x - 3308612. Is g composite?
False
Let l(w) = w**2 + 5*w - 25. Let n be l(-12). Suppose 63*c = n*c + 904. Is (-2 + 1)/((-2)/c) a prime number?
True
Let k(g) = 72*g**2 + 80*g + 521. Is k(-6) a composite number?
False
Let i = 99 + -57. Let m = 48 - i. Suppose 3*o = 3, m*v + 3*o - 1044 = 5*v. Is v a composite number?
True
Suppose -57 = -4*r - 5*n, -3*r = -4*n + 6*n - 48. Suppose -7*s + 3 = -r. Suppose -4*k + 2*c + 3468 = 0, -s*k + 3*c = -k - 1726. Is k composite?
True
Suppose -2*k + 17760 = 3*k. Let z = 629 - -1854. Let y = k - z. Is y a composite number?
False
Suppose d = 2*h - h + 9, 2*d - 4*h = 24. Let b be (176/(-6))/(d/(-135)). Is (-4)/(-6)*b/8 prime?
False
Let a(p) = p - 3. Let b be a(2). Let u(y) be the second derivative of 19*y**4/6 - y**3/3 - y**2 + 161*y + 1. Is u(b) a composite number?
True
Suppose -3599*p - 12185 = -3600*p. Is p composite?
True
Let b(d) = 148*d - 6. Let r be b(6). Let x(s) = -s**3 - 13*s**2 + 32*s + 35. Let m be x(-15). Suppose -m*c = r - 2177. Is c a composite number?
True
Suppose -57580 = -212*y - 189*y + 381*y. Let c(j) = 1155*j - 3. Let q be c(5). Let m = q - y. Is m composite?
True
Let f(i) = 15138*i + 4837. Is f(10) a composite number?
False
Suppose -25*g + 28*g - 51 = 0. Suppose -8*s = g*s - 183575. Is s a prime number?
False
Let t(k) = -10121*k + 3079. Is t(-18) a composite number?
True
Suppose -72 = -14*w + 264. Is w/56 - ((-63492)/28 + 1) prime?
True
Let o = -2670 - -4796. Suppose -6*g + o = 4*w - 5*g, -4*g = 3*w - 1601. Suppose -4*n + l + 3659 = w, n - 793 = 3*l. Is n composite?
True
Suppose -2*j = 2*j. Suppose j = -2*o + 24 - 14. Let k(n) = 7*n**3 - 3*n**2 - 10*n - 7. Is k(o) composite?
False
Is (-15)/(-3)*(-136805)/(-25) prime?
True
Suppose -3*z = 2*o - 547346, -314*o = -315*o + 5*z + 273621. Is o a composite number?
True
Let x(l) = 24*l - 6. Let h be x(1). Suppose 17*v + 3 = h*v. Suppose v = -a - 0*a, -4*r + 5*a = -2179. Is r a composite number?
False
Let y(h) = -7*h**3 - 32*h**2 + 15*h - 30. Let q be y(-22). Is q/20 - 1/((-10)/6) a composite number?
True
Let o(b) = -105*b - 1145. Is o(-18) prime?
False
Suppose 6*n - 196 - 6596 = 0. Let m = n + 3690. Is m a composite number?
True
Let h(w) = -212*w**2 + 2*w - 4. Let j be h(3). Suppose 6*k = 3*k - 42. Is k/(-84) - j/12 a composite number?
True
Suppose 112*j = -21*j + 29*j + 10653032. Is j composite?
False
Let z(h) = -4*h**2 - 3 + 2*h - 4 + 2*h**2 + 16*h**2. Let p be z(-23). Suppose 2*i = 5*t - 12509, 0 = 3*t - 2*i - 150 - p. Is t a composite number?
False
Suppose -d + 371*n = 376*n - 164942, 5*n = -4*d + 659783. Is d a composite number?
True
Let q(n) = 15*n**2 - 361*n + 87. Is q(-47) composite?
True
Let m(v) = -911099*v + 2090. Is m(-3) a prime number?
True
Suppose -2*b + 3*h = -1493318, 1242029 = 4*b - 4*h - 1744599. Is b composite?
False
Let f be (0/(-1))/((-3)/(3 + 0)). Let i(o) = o**3 - 2. Let d be i(f). Let s(p) = -121*p**3 - 1. Is s(d) composite?
False
Let j = 45979 - -63378. Is j composite?
False
Let k(m) = 3339*m**2 - 58*m + 152. Is k(3) composite?
False
Let b = -22 + 28. Let n(y) = 67*y - 13. Let o be n(b). Is 6/8*(o + -1) a prime number?
False
Let c = 2130920 - 1446511. Is c prime?
False
Let u(a) = 1731*a**2 + 80*a + 1033. Is u(-18) a composite number?
False
Let j(x) = 1612*x**2 - 24*x - 101. Is j(-4) composite?
True
Let r be (27/4)/((-18)/(-1200)). Let h = 5311 - r. Is h composite?
False
Let k(s) be the third derivative of 0*s + 6*s**2 - 1/60*s**5 + 0 - 5/6*s**4 - s**3. Is k(-16) a prime number?
False
Let c(x) = -2*x**2 - 36*x - 19. Let v be c(-31). Let n(h) = -162*h - 4. Let t be n(-10). Let o = v + t. Is o a composite number?
True
Suppose -9*c - 14 = 76. Let z(i) = -4*i**3 + 3*i**2 + 4*i - 1. Is z(c) a composite number?
False
Is 4/((-99036)/12383 + 8) a prime number?
False
Let u = -627 - -1017. Suppose 11841 - u = 3*r. Is r a composite number?
True
Is (101414/(-4))/((1 + -21)/40) a composite number?
False
Let a be 30/4*(-32)/(-80). Suppose -2*s = a*j - 5362, 3986 = -3*s - j + 12029. Is s a composite number?
True
Let n = 2047 - 3412. Let j = -740 - n. Let a = -416 + j. Is a prime?
False
Let h = -2129 - -3882. Is h*((-24)/66)/2*-11 prime?
False
Let l = 64 + 600. Suppose -2*f + l = 2*t - 0*f, 5*f = -15. Suppose -3 = 2*z - t. Is z prime?
False
Suppose 287*k = 321*k - 6883402. Is k a prime number?
False
Suppose 25*i + 5943 = 1907941 + 604227. Is i a composite number?
True
Let d = -55 + 58. Suppose -4*b = -d*b + 4. Is b/(-8) - (1 - 501/6) a prime number?
True
Let a = -55534 + 93470. Suppose -13*x + a = 3*x. Is x prime?
True
Suppose 5*i + 2*o = 33, 5*o + 0*o = -i + 25. Suppose 3*y = -i*u + 18758, 2*y + u - 19813 + 7317 = 0. Is (-3)/(-6) - y/(-12) composite?
False
Suppose 51*d = 53*d - 4. Suppose z - 4*x - 10927 = -d*z, z + 5*x - 3674 = 0. Is z a prime number?
False
Suppose 8 + 22 = 3*j. Let h be 0/(6/2)*5/j. Suppose -3*k + 1115 = 2*k - 4*m, h = 2*m. Is k a composite number?
False
Is (-160)/(-64)*187554/15 prime?
True
Let d(o) = 126361*o**3 - o**2 - 16*o + 17. Is d(1) prime?
False
Let s(k) = -425*k**3 - 27*k**2 - 122*k + 61. Is s(-6) composite?
False
Let f be (4 + -4)/(-2 - (-2)/2). Suppose r - 2*r + 3*l - 27 = f, 2*r + l + 47 = 0. Is 16/r*9/2 + 61 a composite number?
True
Let y be (-17 - -1)/((-22)/(-132)). Let i = y + 93. Is (-2)/(-6) + (-1)/i*6998 a composite number?
False
Suppose 5*a + b = 2*b + 48, 3*b = a - 18. Suppose 10*d - a*d = 6. Suppose -104 = d*p - 1586. Is p composite?
True
Let c be (-1 + 261)*146/5. Is c/24 - ((-22)/6 - -3) composite?
False
Suppose -3*o + 188378 = -3*l - 141973, 4*l - 220246 = -2*o. Is o prime?
True
Is (-222)/(-407) + (-16502572)/(-44) prime?
True
Let v = 133215 + -8150. Is v a composite number?
True
Suppose -285*a = 328*a - 62*a - 353344729. Is a a prime number?
True
Let g = -1487 + 7224. Let f = g + -282. Is f a prime number?
False
Let y = 170 - 168. Is ((-7)/(-21))/(y/2946) a prime number?
True
Is 12/(-108)*-6*4179765/10 prime?
True
Suppose -4*c = 2*g - 107054, 2*c = 3*g - 199417 + 38772. Is g prime?
False
Suppose 95*h - 6666411 = 3865004. Is h a composite number?
True
Suppose -5*p + 3*z + 17098136 = 0, 142*z - 146*z = 5*p - 17098087. Is p composite?
False
Let t = 66253 - -62416. Is t a composite number?
False
Suppose g - 5 = 0, 5*w - 4*g = -0*w + 10. Let c(b) = 325*b**2 - 5*b - 2. Let m be c(w). Suppose 3*l - 5*d + 2831 = m, -2*l + 2*d = -5886. Is l prime?
True
Is ((-285)/(-19) + -16)*-364357 composite?
True
Let p = -781 + 1913. Suppose 4*d - 3960 = p. Is d prime?
False
Let p(y) be the first derivative of y**4/4 - 3*y**3 + y**2 - 17*y + 3. Let j be p(9). Is ((-778)/(-8))/(j/4) a prime number?
True
Let k(l) = -3*l**3 + 7*l**2 + 4*l - 14. Let o be k(5). Is (o/(-8))/((-18)/(-360)) composite?
True
Let s = -6141 - 2578. Let n = -4230 - s. Is n prime?
False
Let g(z) = 409*z**3 + z**2 + z + 2. Let m be g(2). Suppose 5*u - 3*d = 100 + m, -u = -4*d - 693. Is u prime?
True
Let x(i) be the first derivative of 583*i**2/2 + 48*i + 16. Is x(5) composite?
False
Let p = 137953 - 26174. Is p a composite number?
False
Is 1198347/85*(-5)/(-3) a prime number?
True
Suppose 18820 = 8*c - 25236. Is c a composite number?
False
Let r = 3380 - 1144. Let s(m) = 3*m**3 - 14*m**2 - 2*m + 13. Let c be s(12). Let q = c - r. Is q a prime number?
False
Is (-5)/1 - 23041/(-2)*(-32)/(-8) a prime number?
False
Let m(z) = -24*z**3 + 18*z**2 - 5*z + 4. Let g(q) = -23*q**3 + 17*q**2 - 5*q + 4. Let i = -102 - -95. Let h(n) = i*g(n) + 6*m(n). Is h(7) prime?
True
Suppose -r + 81519 = -5*p, -1374*r = -1377*r - 5*p + 244517. Is r composite?
False
Let a be 4 + (-6)/(-5 - (-52)/8). Suppose 2*v + v = 4*g + 11833, a = v + g - 3942. Is v a composite number?
False
Let v = -546763 - -1248474. Is v composite?
False
Let q = 160 + -158. Let y(g) = 1649*g + 15. Is y(q) a prime number?
True
Let x = -688230 + 1145299. Is x a composite number?
True
Suppose -36*a + 5182422 = 22*a - 16*a. Is a prime?
False
Let v(l) be the third deri